{"id":27100,"date":"2024-09-06T14:31:04","date_gmt":"2024-09-06T12:31:04","guid":{"rendered":"https:\/\/www.fsvj.se\/webshop\/?post_type=product&#038;p=27100"},"modified":"2025-01-08T09:15:53","modified_gmt":"2025-01-08T08:15:53","slug":"241130-tomtetaget-oxelosund-nykoping-sodra","status":"publish","type":"product","link":"https:\/\/www.fsvj.se\/webshop\/produkt\/241130-tomtetaget-oxelosund-nykoping-sodra\/","title":{"rendered":"241130 Tomtet\u00e5get Oxel\u00f6sund &#8211; Nyk\u00f6ping s\u00f6dra (Jul p\u00e5 j\u00e4rnv\u00e4gsmuseet)"},"content":{"rendered":"<p><b>Tomten k\u00f6r i \u00e5r Elektiskt t\u00e5g, 4 turer mellan Oxel\u00f6sund och Nyk\u00f6ping S\u00f6dra.<\/b><\/p>\n<p>&nbsp;<\/p>\n<p>Biljetten g\u00e4ller p\u00e5 valfria turer, t\/r (tur och retur) g\u00e4ller f\u00f6r tv\u00e5 resor, Enkel g\u00e4ller f\u00f6r en resa p\u00e5 n\u00e5gon av avg\u00e5ngarna nedan.<\/p>\n<p>Du anger endast namn och ordernummer\/Biljettnummer n\u00e4r du kliver p\u00e5 t\u00e5get, eller p\u00e5 t\u00e5get om personalen bett dig kliva ombord.<br \/>\nFysisk biljett erh\u00e5ller du p\u00e5 t\u00e5get.<\/p>\n<p>V\u00e4lj sj\u00e4lv om du \u00e5ker med v\u00e4ndande t\u00e5g eller v\u00e4ljer ett annat f\u00f6r hemf\u00e4rden.<\/p>\n<p><b>BILJETTER:\u00a0 (K\u00f6ps direkt p\u00e5 t\u00e5get)<\/b><\/p>\n<p>Vuxen fr\u00e5n 16 \u00e5r\u00a0\u00a0 150 kr t\/r,\u00a0 100 kr enkel<br \/>\nBarn 5 \u2013 15 \u00e5r:\u00a0 \u00a0 \u00a0 100 kr t\/r,\u00a0 \u00a0 60 kr enkel<br \/>\nBarn 1 &#8211; 4 \u00e5r:\u00a0 \u00a0 \u00a0 \u00a0 \u00a0 \u00a040 kr t\/r,\u00a0 \u00a020 kr enkel<br \/>\nBarn som inte fyllt ett \u00e5r reser fritt.<\/p>\n<p>Uppvisande av Tur och returbiljetter ger 50% rabatt p\u00e5 intr\u00e4det till Jul p\u00e5 J\u00e4rnv\u00e4gsmuseet. Biljett till museet k\u00f6ps direkt i biljettkassan i Entr\u00e9n.<\/p>\n<p><strong>TIDTABELL (Fastst\u00e4lld)<\/strong><\/p>\n<table style=\"height: 184px;\" width=\"613\">\n<tbody>\n<tr>\n<td width=\"142\"><strong>Oxel\u00f6sund<\/strong><\/td>\n<td width=\"208\">Nyk\u00f6ping S\u00f6dra<\/td>\n<td width=\"208\"><strong>Nyk\u00f6ping S\u00f6dra<\/strong><\/td>\n<td width=\"142\">Oxel\u00f6sund<\/td>\n<\/tr>\n<tr>\n<td width=\"142\"><strong>Avg\u00e5ng<\/strong><\/td>\n<td width=\"208\">Ankomst<\/td>\n<td width=\"208\"><strong>Avg\u00e5ng<\/strong><\/td>\n<td width=\"142\">Ankomst<\/td>\n<\/tr>\n<tr>\n<td width=\"142\"><b>09:20<\/b><\/td>\n<td width=\"208\">09:41<\/td>\n<td width=\"208\"><b>10:10<\/b><\/td>\n<td width=\"142\">10:28<\/td>\n<\/tr>\n<tr>\n<td width=\"142\"><b>11:28<\/b><\/td>\n<td width=\"208\">11:45<\/td>\n<td width=\"208\"><b>12:15<\/b><\/td>\n<td width=\"142\">12:35<\/td>\n<\/tr>\n<tr>\n<td width=\"142\"><b>13:28<\/b><\/td>\n<td width=\"208\">13:45<\/td>\n<td width=\"208\"><b>14:15<\/b><\/td>\n<td width=\"142\">14:33<\/td>\n<\/tr>\n<tr>\n<td width=\"142\"><b>15:28<\/b><\/td>\n<td width=\"208\">15:45<\/td>\n<td width=\"208\"><b>16:15 *<\/b><\/td>\n<td width=\"142\">16:33<\/td>\n<\/tr>\n<\/tbody>\n<\/table>\n<p><span style=\"color: #ff0000;\">OBS!<\/span><br \/>\n<span style=\"color: #ff0000;\">*Ingen retur till Nyk\u00f6ping om du reser med avg\u00e5ng 16:15 fr\u00e5n Nyk\u00f6ping S\u00f6dra.<\/span><\/p>\n<h1>Jul p\u00e5 J\u00e4rnv\u00e4gsmuseet<\/h1>\n<p>J\u00e4rnv\u00e4gsmuseet \u00e4r \u00f6ppet mellan klockan 10:00 &#8211; 15:30. Tomtens familj har slagit l\u00e4ger p\u00e5 museet, som \u00e4r dekorerat och fyllt med tomtar, som g\u00f6r allt f\u00f6r din trivsel.<\/p>\n<p>Utanf\u00f6r museet finns t\u00e4lt d\u00e4r du kan k\u00f6pa korv med br\u00f6d, leksaker och vinna p\u00e5 tombolan.<\/p>\n<p>L\u00f6s biljett (halva priset denna dag om du \u00e5kt t\u00e5g tur och retur) och bes\u00f6k museets utst\u00e4llningar och kafe\u00b4vagnen<br \/>\nI Kaf\u00e9vagnen s\u00e4ljs gott fika tex kaffe, dricka, bakverk med saffran och pepparkakoretc.<\/p>\n<p>V\u00e5ra utst\u00e4llningar \u00e4r \u00f6ppna<\/p>\n<p><strong>Intr\u00e4de till museet:<\/strong><br \/>\nVuxen fr\u00e5n 16 \u00e5r\u00a0\u00a0 100 kr t\/r,\u00a0 50 kr mot uppvisande av tur och returt\u00e5gbiljett<br \/>\nBarn 5 \u2013 15 \u00e5r:\u00a0 \u00a0 \u00a0 \u00a0 50 kr t\/r,\u00a0 25 kr mot uppvisande av tur och returt\u00e5gbiljett<br \/>\nBarn 0-4 \u00e5r:\u00a0 \u00a0 \u00a0 \u00a0 \u00a0 \u00a0 Fritt intr\u00e4de<\/p>\n<h2>Andra julmarknader i omr\u00e5det:<\/h2>\n<p><a href=\"https:\/\/www.nykopingsguiden.se\/aktuella-evenemang\/sormlands-museums-julmarknad\/\" target=\"_blank\" rel=\"noopener\">S\u00f6rmlands museums julmarknad<\/a><br \/>\nL\u00f6rdag 30 november , kl. 10:00 &#8211; 17:00<\/p>\n<p><a href=\"https:\/\/www.nykopingsguiden.se\/aktuella-evenemang\/magisk-jul-pa-tovastugan-2\/\" target=\"_blank\" rel=\"noopener\">Magisk jul p\u00e5 Tovastugan<\/a><br \/>\nL\u00f6rdag 30 november , kl. 10:00 &#8211; 17:00<\/p>\n<p><a href=\"https:\/\/www.visitoxelosund.se\/evenemang\/evenemang\/2024-10-22-ljus--varme\" target=\"_blank\" rel=\"noopener\">Ljus &amp; v\u00e4rme i Oxel\u00f6sund<\/a><br \/>\nL\u00f6rdag 30 november , kl. 10:00 &#8211; 14:00<\/p>\n<p><span style=\"color: #ff0000;\">Av- och p\u00e5stigning p\u00e5 t\u00e5get sker med medf\u00f6ljande pallar. Du m\u00e5ste sj\u00e4lv kunna kliva av och p\u00e5 t\u00e5get.<\/span><br \/>\n<span style=\"color: #ff0000;\">Betr\u00e4d ej sp\u00e5romr\u00e5det, f\u00f6lj personalens anvisningar.<br \/>\nBarnvagnar kan medtagas, meddela personalen som l\u00e4gger den i resgodsvagnen under f\u00e4rd.<\/span><\/p>\n","protected":false},"excerpt":{"rendered":"<p><span style=\"color: #ff0000;\"><strong>Biljetter k\u00f6ps direkt p\u00e5 t\u00e5get! V\u00e4lkomna ombord!<\/strong><\/span><\/p>\n<p>Res med tomtet\u00e5get mellan Oxel\u00f6sund och Nyk\u00f6ping S\u00f6dra och passa p\u00e5 att bes\u00f6ka J\u00e4rnv\u00e4gsmuseets julupplaga. Tur och returbiljett ger 50% rabatt p\u00e5 intr\u00e4det till museet.<\/p>\n<p>F\u00f6rk\u00f6p ej l\u00e4ngre m\u00f6jligt<\/p>\n","protected":false},"featured_media":25986,"comment_status":"open","ping_status":"closed","template":"","meta":{"spay_email":""},"product_brand":[],"product_cat":[15],"product_tag":[],"class_list":{"0":"post-27100","1":"product","2":"type-product","3":"status-publish","4":"has-post-thumbnail","6":"product_cat-okategoriserad","8":"first","9":"outofstock","10":"taxable","11":"shipping-taxable","12":"purchasable","13":"product-type-variable"},"_links":{"self":[{"href":"https:\/\/www.fsvj.se\/webshop\/wp-json\/wp\/v2\/product\/27100","targetHints":{"allow":["GET"]}}],"collection":[{"href":"https:\/\/www.fsvj.se\/webshop\/wp-json\/wp\/v2\/product"}],"about":[{"href":"https:\/\/www.fsvj.se\/webshop\/wp-json\/wp\/v2\/types\/product"}],"replies":[{"embeddable":true,"href":"https:\/\/www.fsvj.se\/webshop\/wp-json\/wp\/v2\/comments?post=27100"}],"wp:featuredmedia":[{"embeddable":true,"href":"https:\/\/www.fsvj.se\/webshop\/wp-json\/wp\/v2\/media\/25986"}],"wp:attachment":[{"href":"https:\/\/www.fsvj.se\/webshop\/wp-json\/wp\/v2\/media?parent=27100"}],"wp:term":[{"taxonomy":"product_brand","embeddable":true,"href":"https:\/\/www.fsvj.se\/webshop\/wp-json\/wp\/v2\/product_brand?post=27100"},{"taxonomy":"product_cat","embeddable":true,"href":"https:\/\/www.fsvj.se\/webshop\/wp-json\/wp\/v2\/product_cat?post=27100"},{"taxonomy":"product_tag","embeddable":true,"href":"https:\/\/www.fsvj.se\/webshop\/wp-json\/wp\/v2\/product_tag?post=27100"}],"curies":[{"name":"wp","href":"https:\/\/api.w.org\/{rel}","templated":true}]}}