{"id":26158,"date":"2022-02-06T15:05:06","date_gmt":"2022-02-06T14:05:06","guid":{"rendered":"https:\/\/www.fsvj.se\/webshop\/?post_type=product&#038;p=26158"},"modified":"2026-01-11T16:39:11","modified_gmt":"2026-01-11T15:39:11","slug":"medlemskap","status":"publish","type":"product","link":"https:\/\/www.fsvj.se\/webshop\/produkt\/medlemskap\/","title":{"rendered":"Medlemskap"},"content":{"rendered":"<p>Du kan v\u00e4lja att enbart vara en st\u00f6djande medlem eller att vara en aktiv medlem.<\/p>\n<p>Ett medlemskap i FSVJ kostar endast 300 kronor per \u00e5r. Vill du att alla i din familj ska vara st\u00f6djande medlemmar s\u00e5 finns m\u00f6jligheten till familjemedlemskap f\u00f6r 50 kronor per efterf\u00f6ljande familjemedlem.<\/p>\n<p>F\u00f6r ett fullt medlemskap \u00e1 300 kronor f\u00e5r du regelbunden information, f\u00f6rhandstips om evenemang, m\u00f6jlighet till rabatt p\u00e5 vissa arrangemang etc.<\/p>\n<p>Vi skickar endast ut information till en medlem i familjemedlemskapet.<\/p>\n<p>Som st\u00f6djande medlem ger du, via din medlemsavgift, oss en m\u00f6jlighet att restaurera och v\u00e5rda v\u00e5r fordonspark. Du beh\u00f6ver inte k\u00e4nna n\u00e5got krav p\u00e5 aktiv medverkan.<\/p>\n<p>Om du v\u00e4ljer familjemedlemskap. V\u00e4lj f\u00f6rst Huvudmedlem sedan antal extra medlemmar. Ange g\u00e4rna namnen p\u00e5 extra medlemmarna i rutan f\u00f6r meddelande i kassan!<\/p>\n<p>Medlemskapet f\u00f6rnyas sedan \u00e5rligen genom att underlag f\u00f6r medlemsavgift skickas ut senast under februari m\u00e5nad \u00e5rligen.<\/p>\n","protected":false},"excerpt":{"rendered":"<p>OBS! Om du redan \u00e4r medlem, s\u00e5 kommer information att skickas ut om medlemsavgift senast under februari \u00e5rligen. G\u00f6r inget nytt k\u00f6p.<\/p>\n","protected":false},"featured_media":26166,"comment_status":"open","ping_status":"closed","template":"","meta":{"spay_email":""},"product_brand":[],"product_cat":[27],"product_tag":[],"class_list":{"0":"post-26158","1":"product","2":"type-product","3":"status-publish","4":"has-post-thumbnail","6":"product_cat-medlemskap","8":"first","9":"instock","10":"purchasable","11":"product-type-variable"},"_links":{"self":[{"href":"https:\/\/www.fsvj.se\/webshop\/wp-json\/wp\/v2\/product\/26158","targetHints":{"allow":["GET"]}}],"collection":[{"href":"https:\/\/www.fsvj.se\/webshop\/wp-json\/wp\/v2\/product"}],"about":[{"href":"https:\/\/www.fsvj.se\/webshop\/wp-json\/wp\/v2\/types\/product"}],"replies":[{"embeddable":true,"href":"https:\/\/www.fsvj.se\/webshop\/wp-json\/wp\/v2\/comments?post=26158"}],"wp:featuredmedia":[{"embeddable":true,"href":"https:\/\/www.fsvj.se\/webshop\/wp-json\/wp\/v2\/media\/26166"}],"wp:attachment":[{"href":"https:\/\/www.fsvj.se\/webshop\/wp-json\/wp\/v2\/media?parent=26158"}],"wp:term":[{"taxonomy":"product_brand","embeddable":true,"href":"https:\/\/www.fsvj.se\/webshop\/wp-json\/wp\/v2\/product_brand?post=26158"},{"taxonomy":"product_cat","embeddable":true,"href":"https:\/\/www.fsvj.se\/webshop\/wp-json\/wp\/v2\/product_cat?post=26158"},{"taxonomy":"product_tag","embeddable":true,"href":"https:\/\/www.fsvj.se\/webshop\/wp-json\/wp\/v2\/product_tag?post=26158"}],"curies":[{"name":"wp","href":"https:\/\/api.w.org\/{rel}","templated":true}]}}